{"id":162,"date":"2023-10-07T18:49:31","date_gmt":"2023-10-07T18:49:31","guid":{"rendered":"https:\/\/brandertools.com\/inicio\/?post_type=product&#038;p=162"},"modified":"2023-11-22T20:00:51","modified_gmt":"2023-11-22T20:00:51","slug":"sello-con-calor-industrial-riel-intercambiable","status":"publish","type":"product","link":"https:\/\/brandertools.com\/inicio\/product\/sello-con-calor-industrial-riel-intercambiable\/","title":{"rendered":"Sello con Calor Industrial Riel Intercambiable"},"content":{"rendered":"<p>Herramienta de uso industrial de piezas intercambiables para marcar n\u00fameros de serie, fechas, logotipos y marcas personales, ideal para productos de madera y pl\u00e1stico.<\/p>\n<p>Cuenta con espacio hasta para 8 n\u00fameros o letras.<\/p>\n<p>La herramienta incluye un set de 10 glifos (n\u00fameros del 0 al 9) o bien un cabezal para riel.<\/p>\n<p>El troquel es intercambiable. Fabricaci\u00f3n de troqueles extra (n\u00fameros, letras, s\u00edmbolos o logotipo personal) se venden bajo pedido.<\/p>\n<p>Requiere de Potenci\u00f3metro para regular la temperatura para marcar pl\u00e1sticos o pan.<\/p>\n<h2 id=\"tablepress-9-name\" class=\"tablepress-table-name tablepress-table-name-id-9\">Ficha T\u00e9cnica Sello de Riel 220V<\/h2>\n\n<table id=\"tablepress-9\" class=\"tablepress tablepress-id-9 tbody-has-connected-cells\" aria-labelledby=\"tablepress-9-name\">\n<tbody class=\"row-striping row-hover\">\n<tr class=\"row-1\">\n\t<td colspan=\"2\" class=\"column-1\"><img decoding=\"async\" src=\"http:\/\/brandertools.com\/inicio\/wp-content\/uploads\/2023\/10\/13-150x150.png\" alt=\"Sello de riel intercambiable para serializar con calor\" width=\"150\" height=\"150\" class=\"size-thumbnail wp-image-304\" srcset=\"https:\/\/brandertools.com\/inicio\/wp-content\/uploads\/2023\/10\/13-150x150.png 150w, https:\/\/brandertools.com\/inicio\/wp-content\/uploads\/2023\/10\/13-300x300.png 300w, https:\/\/brandertools.com\/inicio\/wp-content\/uploads\/2023\/10\/13-1024x1024.png 1024w, https:\/\/brandertools.com\/inicio\/wp-content\/uploads\/2023\/10\/13-768x768.png 768w, https:\/\/brandertools.com\/inicio\/wp-content\/uploads\/2023\/10\/13-600x600.png 600w, https:\/\/brandertools.com\/inicio\/wp-content\/uploads\/2023\/10\/13-100x100.png 100w, https:\/\/brandertools.com\/inicio\/wp-content\/uploads\/2023\/10\/13.png 1080w\" sizes=\"(max-width: 150px) 100vw, 150px\" \/><\/td>\n<\/tr>\n<tr class=\"row-2\">\n\t<td class=\"column-1\">Peso<\/td><td class=\"column-2\">3.10kg<\/td>\n<\/tr>\n<tr class=\"row-3\">\n\t<td class=\"column-1\">Medidas generales<\/td><td class=\"column-2\">240mm x 130mm x 400mm<\/td>\n<\/tr>\n<tr class=\"row-4\">\n\t<td class=\"column-1\">\u00c1rea glifo est\u00e1ndar<\/td><td class=\"column-2\">12mm x 25mm<\/td>\n<\/tr>\n<tr class=\"row-5\">\n\t<td class=\"column-1\">Capacidad de glifos est\u00e1ndar en riel<\/td><td class=\"column-2\">8 piezas<\/td>\n<\/tr>\n<tr class=\"row-6\">\n\t<td class=\"column-1\">\u00c1rea cabezal est\u00e1ndar<\/td><td class=\"column-2\">75mm x 30mm<\/td>\n<\/tr>\n<tr class=\"row-7\">\n\t<td class=\"column-1\">Profundidad de grabado de cabezal\/glifo<\/td><td class=\"column-2\">2mm<\/td>\n<\/tr>\n<tr class=\"row-8\">\n\t<td class=\"column-1\">Tipo de cable<\/td><td class=\"column-2\">Uso rudo de 3 lineas, calibre 14.<\/td>\n<\/tr>\n<tr class=\"row-9\">\n\t<td class=\"column-1\">Longitud de cable<\/td><td class=\"column-2\">3.00 m<\/td>\n<\/tr>\n<tr class=\"row-10\">\n\t<td class=\"column-1\">Conector el\u00e9ctrico<\/td><td class=\"column-2\">Plug Tipo B<\/td>\n<\/tr>\n<tr class=\"row-11\">\n\t<td class=\"column-1\">Potencia<\/td><td class=\"column-2\">500W<\/td>\n<\/tr>\n<tr class=\"row-12\">\n\t<td class=\"column-1\">Tensi\u00f3n<\/td><td class=\"column-2\">220V~240V<\/td>\n<\/tr>\n<tr class=\"row-13\">\n\t<td class=\"column-1\">Consumibles<\/td><td class=\"column-2\">Resistencia tipo cartucho de 500W<\/td>\n<\/tr>\n<tr class=\"row-14\">\n\t<td class=\"column-1\"><h4>Tiempo de calentamiento<\/h4><\/td><td class=\"column-2\"><h4>Temperatura alcanzada previo al uso<\/h4><\/td>\n<\/tr>\n<tr class=\"row-15\">\n\t<td class=\"column-1\">5 minutos<\/td><td class=\"column-2\">160\u00baC<\/td>\n<\/tr>\n<tr class=\"row-16\">\n\t<td class=\"column-1\">10 minutos<\/td><td class=\"column-2\">230\u00baC<\/td>\n<\/tr>\n<tr class=\"row-17\">\n\t<td class=\"column-1\">15 minutos<\/td><td class=\"column-2\">300\u00baC<\/td>\n<\/tr>\n<tr class=\"row-18\">\n\t<td class=\"column-1\">Temperatura m\u00e1xima<\/td><td class=\"column-2\">330\u00baC<\/td>\n<\/tr>\n<tr class=\"row-19\">\n\t<td colspan=\"2\" class=\"column-1\">\u26a0\ufe0f No permita que la herramienta est\u00e9 calentando durante m\u00e1s de 20 minutos sin usar, de lo contrario la resistencia el\u00e9ctrica se sobre calentar\u00e1 y reducir\u00e1 su tiempo de vida \u00fatil.<\/td>\n<\/tr>\n<tr class=\"row-20\">\n\t<td class=\"column-1\"><h4>Aplicaciones<\/h4><\/td><td class=\"column-2\"><h4>Recomendaci\u00f3n<\/h4><\/td>\n<\/tr>\n<tr class=\"row-21\">\n\t<td class=\"column-1\">Plastico delgado\t<\/td><td class=\"column-2\">\u274c NO<br \/>\n<\/td>\n<\/tr>\n<tr class=\"row-22\">\n\t<td class=\"column-1\">Plastico grueso\t<\/td><td class=\"column-2\">\u26a0\ufe0f CON POTENCIOMETRO<br \/>\n<\/td>\n<\/tr>\n<tr class=\"row-23\">\n\t<td class=\"column-1\">Maderas claras<\/td><td class=\"column-2\">\u2705 SI<\/td>\n<\/tr>\n<tr class=\"row-24\">\n\t<td class=\"column-1\">Maderas obscuras<\/td><td class=\"column-2\">\u2705 SI<\/td>\n<\/tr>\n<tr class=\"row-25\">\n\t<td class=\"column-1\">Maderas h\u00famedas<\/td><td class=\"column-2\">\u2705 SI<\/td>\n<\/tr>\n<tr class=\"row-26\">\n\t<td class=\"column-1\">Tela Sint\u00e9tica<\/td><td class=\"column-2\">\u274c NO<\/td>\n<\/tr>\n<tr class=\"row-27\">\n\t<td class=\"column-1\">Tela Natural<\/td><td class=\"column-2\">\u26a0\ufe0f CON POTENCIOMETRO<br \/>\n<\/td>\n<\/tr>\n<tr class=\"row-28\">\n\t<td class=\"column-1\">Cuero<\/td><td class=\"column-2\">\u2705 SI<\/td>\n<\/tr>\n<\/tbody>\n<\/table>\n<!-- #tablepress-9 from cache -->\n","protected":false},"excerpt":{"rendered":"<p>Para marcajes m\u00faltiples como n\u00fameros de serie, fechas y logotipos.<\/p>\n","protected":false},"featured_media":304,"comment_status":"open","ping_status":"closed","template":"","meta":{"_joinchat":[]},"product_brand":[],"product_cat":[15],"product_tag":[],"class_list":{"0":"post-162","1":"product","2":"type-product","3":"status-publish","4":"has-post-thumbnail","6":"product_cat-uncategorized","8":"first","9":"instock","10":"shipping-taxable","11":"product-type-simple"},"_links":{"self":[{"href":"https:\/\/brandertools.com\/inicio\/wp-json\/wp\/v2\/product\/162","targetHints":{"allow":["GET"]}}],"collection":[{"href":"https:\/\/brandertools.com\/inicio\/wp-json\/wp\/v2\/product"}],"about":[{"href":"https:\/\/brandertools.com\/inicio\/wp-json\/wp\/v2\/types\/product"}],"replies":[{"embeddable":true,"href":"https:\/\/brandertools.com\/inicio\/wp-json\/wp\/v2\/comments?post=162"}],"wp:featuredmedia":[{"embeddable":true,"href":"https:\/\/brandertools.com\/inicio\/wp-json\/wp\/v2\/media\/304"}],"wp:attachment":[{"href":"https:\/\/brandertools.com\/inicio\/wp-json\/wp\/v2\/media?parent=162"}],"wp:term":[{"taxonomy":"product_brand","embeddable":true,"href":"https:\/\/brandertools.com\/inicio\/wp-json\/wp\/v2\/product_brand?post=162"},{"taxonomy":"product_cat","embeddable":true,"href":"https:\/\/brandertools.com\/inicio\/wp-json\/wp\/v2\/product_cat?post=162"},{"taxonomy":"product_tag","embeddable":true,"href":"https:\/\/brandertools.com\/inicio\/wp-json\/wp\/v2\/product_tag?post=162"}],"curies":[{"name":"wp","href":"https:\/\/api.w.org\/{rel}","templated":true}]}}